{"id":213,"date":"2022-08-28T10:02:51","date_gmt":"2022-08-28T13:02:51","guid":{"rendered":"http:\/\/maxwelldossantos.com.br\/?page_id=213"},"modified":"2022-08-28T10:03:37","modified_gmt":"2022-08-28T13:03:37","slug":"meu-rim-por-uma-resenha","status":"publish","type":"page","link":"https:\/\/maxwelldossantos.com.br\/index.php\/livros\/meu-rim-por-uma-resenha\/","title":{"rendered":"Meu rim por uma resenha"},"content":{"rendered":"\n<figure class=\"wp-block-image size-large\"><img loading=\"lazy\" decoding=\"async\" width=\"1024\" height=\"922\" src=\"https:\/\/maxwelldossantos.com.br\/wp-content\/uploads\/2022\/08\/1661349958-1024x922.png\" alt=\"\" class=\"wp-image-214\" srcset=\"https:\/\/maxwelldossantos.com.br\/wp-content\/uploads\/2022\/08\/1661349958-1024x922.png 1024w, https:\/\/maxwelldossantos.com.br\/wp-content\/uploads\/2022\/08\/1661349958-300x270.png 300w, https:\/\/maxwelldossantos.com.br\/wp-content\/uploads\/2022\/08\/1661349958-768x692.png 768w, https:\/\/maxwelldossantos.com.br\/wp-content\/uploads\/2022\/08\/1661349958-320x288.png 320w, https:\/\/maxwelldossantos.com.br\/wp-content\/uploads\/2022\/08\/1661349958-480x432.png 480w, https:\/\/maxwelldossantos.com.br\/wp-content\/uploads\/2022\/08\/1661349958-800x721.png 800w, https:\/\/maxwelldossantos.com.br\/wp-content\/uploads\/2022\/08\/1661349958.png 1500w\" sizes=\"(max-width: 1024px) 100vw, 1024px\" \/><\/figure>\n\n\n\n<p>A d\u00e9cima terceira obra de Maxwell dos Santos discute a disparidade de armas entre as editoras independentes e os grandes conglomerados editoriais, os desafios do autor para conseguir publicar seu primeiro livro, a rela\u00e7\u00e3o entre autores\/editoras com produtores(as) de conte\u00fado liter\u00e1rio, a pejotiza\u00e7\u00e3o do trabalho, a cultura do cancelamento e o capacitismo contra pessoas com defici\u00eancia.<\/p>\n\n\n\n<p>Laerte, o protagonista, \u00e9 descendente de ind\u00edgenas, tem paralisia cerebral, decorrente da falta de oxigena\u00e7\u00e3o no c\u00e9rebro, durante o trabalho de parto, em que sua m\u00e3e, Larissa, foi v\u00edtima de viol\u00eancia obst\u00e9trica. Como sequelas, o jovem tem limita\u00e7\u00f5es na fala e nos movimentos das pernas, o que lhe obriga a andar de muletas, mas seu intelecto \u00e9 estupendo.<\/p>\n\n\n\n<p>Ele, aos 17 anos, ap\u00f3s muitas negativas, consegue publicar seu primeiro livro,&nbsp;<em>Rebello Resiste<\/em>, pela Edi\u00e7\u00f5es Talism\u00e3, editora independente de Belo Horizonte.<\/p>\n\n\n\n<p>Viviane Botacin, a antagonista, \u00e9 paulistana, produtora de conte\u00fado liter\u00e1rio, dona de canal no MyVOD, com mais de 500 mil seguidores, faz resenhas em v\u00eddeo, cobrando at\u00e9 R$ 5.000,00 de cada autor ou editora que deseja ter a obra resenhada.<\/p>\n\n\n\n<p>Ap\u00f3s ter sido comunicado por seu editor do valor fora da realidade cobrado pela influencer para que seu livro seja resenhado, Laerte, que \u00e9 f\u00e3 dela, escreve um post em seu blog, criticando o elitismo de Viviane, pedindo um olhar mais sens\u00edvel de Viviane para os autores e editores independentes, que enfrentam dificuldades na divulga\u00e7\u00e3o na imprensa corporativa.<\/p>\n\n\n\n<p>Furiosa, Viviane liga para ele, proferindo insultos racistas e capacitistas.<\/p>\n\n\n\n<p>Vale a pena pagar uma fortuna por uma resenha? Essa resenha seria positiva? E se fosse negativa?<\/p>\n\n\n\n<div data-wp-interactive=\"core\/file\" class=\"wp-block-file\"><object data-wp-bind--hidden=\"!state.hasPdfPreview\" hidden class=\"wp-block-file__embed\" data=\"https:\/\/maxwelldossantos.com.br\/wp-content\/uploads\/2022\/08\/meurimporumaresenhaweb.pdf\" type=\"application\/pdf\" style=\"width:100%;height:600px\" aria-label=\"Incorporado de Incorporado de meurimporumaresenhaweb..\"><\/object><a id=\"wp-block-file--media-dbdb2662-e394-4a95-94ad-49ff19569864\" href=\"https:\/\/maxwelldossantos.com.br\/wp-content\/uploads\/2022\/08\/meurimporumaresenhaweb.pdf\">meurimporumaresenhaweb<\/a><a href=\"https:\/\/maxwelldossantos.com.br\/wp-content\/uploads\/2022\/08\/meurimporumaresenhaweb.pdf\" class=\"wp-block-file__button\" download aria-describedby=\"wp-block-file--media-dbdb2662-e394-4a95-94ad-49ff19569864\">Baixar<\/a><\/div>\n","protected":false},"excerpt":{"rendered":"<p>A d\u00e9cima terceira obra de Maxwell dos Santos discute a disparidade de armas entre as editoras independentes e os grandes conglomerados editoriais, os desafios do autor para conseguir publicar seu primeiro livro, a rela\u00e7\u00e3o entre autores\/editoras com produtores(as) de conte\u00fado liter\u00e1rio, a pejotiza\u00e7\u00e3o do trabalho, a cultura do cancelamento e o capacitismo contra pessoas com [&hellip;]<\/p>\n","protected":false},"author":1,"featured_media":0,"parent":11,"menu_order":0,"comment_status":"closed","ping_status":"closed","template":"","meta":{"saved_in_kubio":false,"_monsterinsights_skip_tracking":false,"_monsterinsights_sitenote_active":false,"_monsterinsights_sitenote_note":"","_monsterinsights_sitenote_category":0,"footnotes":""},"class_list":["post-213","page","type-page","status-publish","hentry"],"kubio_ai_page_context":{"short_desc":"","purpose":"general"},"yoast_head":"<!-- This site is optimized with the Yoast SEO plugin v26.8 - https:\/\/yoast.com\/product\/yoast-seo-wordpress\/ -->\n<title>Meu rim por uma resenha - Maxwell dos Santos<\/title>\n<meta name=\"robots\" content=\"index, follow, max-snippet:-1, max-image-preview:large, max-video-preview:-1\" \/>\n<link rel=\"canonical\" href=\"https:\/\/maxwelldossantos.com.br\/index.php\/livros\/meu-rim-por-uma-resenha\/\" \/>\n<meta property=\"og:locale\" content=\"pt_BR\" \/>\n<meta property=\"og:type\" content=\"article\" \/>\n<meta property=\"og:title\" content=\"Meu rim por uma resenha - Maxwell dos Santos\" \/>\n<meta property=\"og:description\" content=\"A d\u00e9cima terceira obra de Maxwell dos Santos discute a disparidade de armas entre as editoras independentes e os grandes conglomerados editoriais, os desafios do autor para conseguir publicar seu primeiro livro, a rela\u00e7\u00e3o entre autores\/editoras com produtores(as) de conte\u00fado liter\u00e1rio, a pejotiza\u00e7\u00e3o do trabalho, a cultura do cancelamento e o capacitismo contra pessoas com [&hellip;]\" \/>\n<meta property=\"og:url\" content=\"https:\/\/maxwelldossantos.com.br\/index.php\/livros\/meu-rim-por-uma-resenha\/\" \/>\n<meta property=\"og:site_name\" content=\"Maxwell dos Santos\" \/>\n<meta property=\"article:modified_time\" content=\"2022-08-28T13:03:37+00:00\" \/>\n<meta property=\"og:image\" content=\"http:\/\/maxwelldossantos.com.br\/wp-content\/uploads\/2022\/08\/1661349958-1024x922.png\" \/>\n<meta name=\"twitter:card\" content=\"summary_large_image\" \/>\n<meta name=\"twitter:label1\" content=\"Est. tempo de leitura\" \/>\n\t<meta name=\"twitter:data1\" content=\"2 minutos\" \/>\n<script type=\"application\/ld+json\" class=\"yoast-schema-graph\">{\"@context\":\"https:\/\/schema.org\",\"@graph\":[{\"@type\":\"WebPage\",\"@id\":\"https:\/\/maxwelldossantos.com.br\/index.php\/livros\/meu-rim-por-uma-resenha\/\",\"url\":\"https:\/\/maxwelldossantos.com.br\/index.php\/livros\/meu-rim-por-uma-resenha\/\",\"name\":\"Meu rim por uma resenha - Maxwell dos Santos\",\"isPartOf\":{\"@id\":\"https:\/\/maxwelldossantos.com.br\/#website\"},\"primaryImageOfPage\":{\"@id\":\"https:\/\/maxwelldossantos.com.br\/index.php\/livros\/meu-rim-por-uma-resenha\/#primaryimage\"},\"image\":{\"@id\":\"https:\/\/maxwelldossantos.com.br\/index.php\/livros\/meu-rim-por-uma-resenha\/#primaryimage\"},\"thumbnailUrl\":\"http:\/\/maxwelldossantos.com.br\/wp-content\/uploads\/2022\/08\/1661349958-1024x922.png\",\"datePublished\":\"2022-08-28T13:02:51+00:00\",\"dateModified\":\"2022-08-28T13:03:37+00:00\",\"breadcrumb\":{\"@id\":\"https:\/\/maxwelldossantos.com.br\/index.php\/livros\/meu-rim-por-uma-resenha\/#breadcrumb\"},\"inLanguage\":\"pt-BR\",\"potentialAction\":[{\"@type\":\"ReadAction\",\"target\":[\"https:\/\/maxwelldossantos.com.br\/index.php\/livros\/meu-rim-por-uma-resenha\/\"]}]},{\"@type\":\"ImageObject\",\"inLanguage\":\"pt-BR\",\"@id\":\"https:\/\/maxwelldossantos.com.br\/index.php\/livros\/meu-rim-por-uma-resenha\/#primaryimage\",\"url\":\"https:\/\/maxwelldossantos.com.br\/wp-content\/uploads\/2022\/08\/1661349958.png\",\"contentUrl\":\"https:\/\/maxwelldossantos.com.br\/wp-content\/uploads\/2022\/08\/1661349958.png\",\"width\":1500,\"height\":1351},{\"@type\":\"BreadcrumbList\",\"@id\":\"https:\/\/maxwelldossantos.com.br\/index.php\/livros\/meu-rim-por-uma-resenha\/#breadcrumb\",\"itemListElement\":[{\"@type\":\"ListItem\",\"position\":1,\"name\":\"In\u00edcio\",\"item\":\"https:\/\/maxwelldossantos.com.br\/\"},{\"@type\":\"ListItem\",\"position\":2,\"name\":\"Livros\",\"item\":\"https:\/\/maxwelldossantos.com.br\/index.php\/livros\/\"},{\"@type\":\"ListItem\",\"position\":3,\"name\":\"Meu rim por uma resenha\"}]},{\"@type\":\"WebSite\",\"@id\":\"https:\/\/maxwelldossantos.com.br\/#website\",\"url\":\"https:\/\/maxwelldossantos.com.br\/\",\"name\":\"Maxwell dos Santos\",\"description\":\"Escritor, jornalista, redator SEO, revisor de textos, editor de v\u00eddeo,\",\"publisher\":{\"@id\":\"https:\/\/maxwelldossantos.com.br\/#organization\"},\"potentialAction\":[{\"@type\":\"SearchAction\",\"target\":{\"@type\":\"EntryPoint\",\"urlTemplate\":\"https:\/\/maxwelldossantos.com.br\/?s={search_term_string}\"},\"query-input\":{\"@type\":\"PropertyValueSpecification\",\"valueRequired\":true,\"valueName\":\"search_term_string\"}}],\"inLanguage\":\"pt-BR\"},{\"@type\":\"Organization\",\"@id\":\"https:\/\/maxwelldossantos.com.br\/#organization\",\"name\":\"Maxwell dos Santos\",\"url\":\"https:\/\/maxwelldossantos.com.br\/\",\"logo\":{\"@type\":\"ImageObject\",\"inLanguage\":\"pt-BR\",\"@id\":\"https:\/\/maxwelldossantos.com.br\/#\/schema\/logo\/image\/\",\"url\":\"https:\/\/maxwelldossantos.com.br\/wp-content\/uploads\/2022\/03\/cropped-cropped-Cabecalho-e-Rodape-Carta-Timbrada.png\",\"contentUrl\":\"https:\/\/maxwelldossantos.com.br\/wp-content\/uploads\/2022\/03\/cropped-cropped-Cabecalho-e-Rodape-Carta-Timbrada.png\",\"width\":655,\"height\":188,\"caption\":\"Maxwell dos Santos\"},\"image\":{\"@id\":\"https:\/\/maxwelldossantos.com.br\/#\/schema\/logo\/image\/\"}}]}<\/script>\n<!-- \/ Yoast SEO plugin. -->","yoast_head_json":{"title":"Meu rim por uma resenha - Maxwell dos Santos","robots":{"index":"index","follow":"follow","max-snippet":"max-snippet:-1","max-image-preview":"max-image-preview:large","max-video-preview":"max-video-preview:-1"},"canonical":"https:\/\/maxwelldossantos.com.br\/index.php\/livros\/meu-rim-por-uma-resenha\/","og_locale":"pt_BR","og_type":"article","og_title":"Meu rim por uma resenha - Maxwell dos Santos","og_description":"A d\u00e9cima terceira obra de Maxwell dos Santos discute a disparidade de armas entre as editoras independentes e os grandes conglomerados editoriais, os desafios do autor para conseguir publicar seu primeiro livro, a rela\u00e7\u00e3o entre autores\/editoras com produtores(as) de conte\u00fado liter\u00e1rio, a pejotiza\u00e7\u00e3o do trabalho, a cultura do cancelamento e o capacitismo contra pessoas com [&hellip;]","og_url":"https:\/\/maxwelldossantos.com.br\/index.php\/livros\/meu-rim-por-uma-resenha\/","og_site_name":"Maxwell dos Santos","article_modified_time":"2022-08-28T13:03:37+00:00","og_image":[{"url":"http:\/\/maxwelldossantos.com.br\/wp-content\/uploads\/2022\/08\/1661349958-1024x922.png","type":"","width":"","height":""}],"twitter_card":"summary_large_image","twitter_misc":{"Est. tempo de leitura":"2 minutos"},"schema":{"@context":"https:\/\/schema.org","@graph":[{"@type":"WebPage","@id":"https:\/\/maxwelldossantos.com.br\/index.php\/livros\/meu-rim-por-uma-resenha\/","url":"https:\/\/maxwelldossantos.com.br\/index.php\/livros\/meu-rim-por-uma-resenha\/","name":"Meu rim por uma resenha - Maxwell dos Santos","isPartOf":{"@id":"https:\/\/maxwelldossantos.com.br\/#website"},"primaryImageOfPage":{"@id":"https:\/\/maxwelldossantos.com.br\/index.php\/livros\/meu-rim-por-uma-resenha\/#primaryimage"},"image":{"@id":"https:\/\/maxwelldossantos.com.br\/index.php\/livros\/meu-rim-por-uma-resenha\/#primaryimage"},"thumbnailUrl":"http:\/\/maxwelldossantos.com.br\/wp-content\/uploads\/2022\/08\/1661349958-1024x922.png","datePublished":"2022-08-28T13:02:51+00:00","dateModified":"2022-08-28T13:03:37+00:00","breadcrumb":{"@id":"https:\/\/maxwelldossantos.com.br\/index.php\/livros\/meu-rim-por-uma-resenha\/#breadcrumb"},"inLanguage":"pt-BR","potentialAction":[{"@type":"ReadAction","target":["https:\/\/maxwelldossantos.com.br\/index.php\/livros\/meu-rim-por-uma-resenha\/"]}]},{"@type":"ImageObject","inLanguage":"pt-BR","@id":"https:\/\/maxwelldossantos.com.br\/index.php\/livros\/meu-rim-por-uma-resenha\/#primaryimage","url":"https:\/\/maxwelldossantos.com.br\/wp-content\/uploads\/2022\/08\/1661349958.png","contentUrl":"https:\/\/maxwelldossantos.com.br\/wp-content\/uploads\/2022\/08\/1661349958.png","width":1500,"height":1351},{"@type":"BreadcrumbList","@id":"https:\/\/maxwelldossantos.com.br\/index.php\/livros\/meu-rim-por-uma-resenha\/#breadcrumb","itemListElement":[{"@type":"ListItem","position":1,"name":"In\u00edcio","item":"https:\/\/maxwelldossantos.com.br\/"},{"@type":"ListItem","position":2,"name":"Livros","item":"https:\/\/maxwelldossantos.com.br\/index.php\/livros\/"},{"@type":"ListItem","position":3,"name":"Meu rim por uma resenha"}]},{"@type":"WebSite","@id":"https:\/\/maxwelldossantos.com.br\/#website","url":"https:\/\/maxwelldossantos.com.br\/","name":"Maxwell dos Santos","description":"Escritor, jornalista, redator SEO, revisor de textos, editor de v\u00eddeo,","publisher":{"@id":"https:\/\/maxwelldossantos.com.br\/#organization"},"potentialAction":[{"@type":"SearchAction","target":{"@type":"EntryPoint","urlTemplate":"https:\/\/maxwelldossantos.com.br\/?s={search_term_string}"},"query-input":{"@type":"PropertyValueSpecification","valueRequired":true,"valueName":"search_term_string"}}],"inLanguage":"pt-BR"},{"@type":"Organization","@id":"https:\/\/maxwelldossantos.com.br\/#organization","name":"Maxwell dos Santos","url":"https:\/\/maxwelldossantos.com.br\/","logo":{"@type":"ImageObject","inLanguage":"pt-BR","@id":"https:\/\/maxwelldossantos.com.br\/#\/schema\/logo\/image\/","url":"https:\/\/maxwelldossantos.com.br\/wp-content\/uploads\/2022\/03\/cropped-cropped-Cabecalho-e-Rodape-Carta-Timbrada.png","contentUrl":"https:\/\/maxwelldossantos.com.br\/wp-content\/uploads\/2022\/03\/cropped-cropped-Cabecalho-e-Rodape-Carta-Timbrada.png","width":655,"height":188,"caption":"Maxwell dos Santos"},"image":{"@id":"https:\/\/maxwelldossantos.com.br\/#\/schema\/logo\/image\/"}}]}},"_links":{"self":[{"href":"https:\/\/maxwelldossantos.com.br\/index.php\/wp-json\/wp\/v2\/pages\/213","targetHints":{"allow":["GET"]}}],"collection":[{"href":"https:\/\/maxwelldossantos.com.br\/index.php\/wp-json\/wp\/v2\/pages"}],"about":[{"href":"https:\/\/maxwelldossantos.com.br\/index.php\/wp-json\/wp\/v2\/types\/page"}],"author":[{"embeddable":true,"href":"https:\/\/maxwelldossantos.com.br\/index.php\/wp-json\/wp\/v2\/users\/1"}],"replies":[{"embeddable":true,"href":"https:\/\/maxwelldossantos.com.br\/index.php\/wp-json\/wp\/v2\/comments?post=213"}],"version-history":[{"count":1,"href":"https:\/\/maxwelldossantos.com.br\/index.php\/wp-json\/wp\/v2\/pages\/213\/revisions"}],"predecessor-version":[{"id":217,"href":"https:\/\/maxwelldossantos.com.br\/index.php\/wp-json\/wp\/v2\/pages\/213\/revisions\/217"}],"up":[{"embeddable":true,"href":"https:\/\/maxwelldossantos.com.br\/index.php\/wp-json\/wp\/v2\/pages\/11"}],"wp:attachment":[{"href":"https:\/\/maxwelldossantos.com.br\/index.php\/wp-json\/wp\/v2\/media?parent=213"}],"curies":[{"name":"wp","href":"https:\/\/api.w.org\/{rel}","templated":true}]}}